
{"id":598,"date":"2024-05-14T13:21:29","date_gmt":"2024-05-14T11:21:29","guid":{"rendered":"https:\/\/www.habitat-design.net\/blog\/?page_id=598"},"modified":"2024-05-14T13:21:30","modified_gmt":"2024-05-14T11:21:30","slug":"a-propos","status":"publish","type":"page","link":"https:\/\/www.habitat-design.net\/blog\/a-propos\/","title":{"rendered":"A Propos"},"content":{"rendered":"\n<p>Bienvenue sur notre site d\u00e9di\u00e9 \u00e0 la D\u00e9coration Maison, Travaux et Bricolage ! Je suis Julien, et ma passion r\u00e9side dans la cr\u00e9ation de contenus riches et vari\u00e9s.<\/p>\n\n\n\n<p>Notre plateforme aborde une pl\u00e9thore de sujets, allant de l&rsquo;actualit\u00e9 \u00e0 la culture, en passant par la technologie et le bien-\u00eatre. Mon objectif premier est de fournir \u00e0 nos lecteurs un contenu diversifi\u00e9, informatif et captivant, susceptible de les informer, de les divertir et de les inspirer.<\/p>\n\n\n\n<p>En tant que blogueur passionn\u00e9, je m&rsquo;efforce de partager mes connaissances et mes exp\u00e9riences \u00e0 travers des articles soigneusement \u00e9labor\u00e9s et recherch\u00e9s. Que vous soyez \u00e0 la recherche de conseils pratiques, d&rsquo;analyses approfondies ou simplement d&rsquo;une lecture divertissante, notre plateforme saura r\u00e9pondre \u00e0 vos attentes.<\/p>\n\n\n\n<p>Pourquoi ce blog ? Tout simplement parce que je crois en la valeur de la diffusion de l&rsquo;information et en la cr\u00e9ation d&rsquo;une communaut\u00e9 engag\u00e9e autour de divers sujets. Mon souhait le plus cher est de voir notre plateforme devenir un espace o\u00f9 chacun peut trouver des r\u00e9ponses \u00e0 ses questions, d\u00e9couvrir de nouvelles id\u00e9es et partager ses propres points de vue.<\/p>\n\n\n\n<p>Je vous remercie vivement de votre visite sur mon blog et j&rsquo;esp\u00e8re sinc\u00e8rement que vous appr\u00e9cierez la lecture de mes articles autant que j&rsquo;ai aim\u00e9 les r\u00e9diger. N&rsquo;h\u00e9sitez pas \u00e0 explorer nos diff\u00e9rentes cat\u00e9gories et \u00e0 me contacter pour toute question, suggestion ou simplement pour \u00e9changer.<\/p>\n\n\n\n<p>Bonne lecture et \u00e0 tr\u00e8s bient\u00f4t !<\/p>\n\n\n\n<p>Cordialement, Julien<\/p>\n","protected":false},"excerpt":{"rendered":"<p>Bienvenue sur notre site d\u00e9di\u00e9 \u00e0 la D\u00e9coration Maison, Travaux et Bricolage ! Je suis Julien, et ma passion r\u00e9side dans la cr\u00e9ation de contenus riches et vari\u00e9s. Notre plateforme aborde une pl\u00e9thore de sujets, allant de l&rsquo;actualit\u00e9 \u00e0 la culture, en passant par la technologie et le bien-\u00eatre. Mon objectif premier est de fournir &#8230; <a title=\"A Propos\" class=\"read-more\" href=\"https:\/\/www.habitat-design.net\/blog\/a-propos\/\" aria-label=\"En savoir plus sur A Propos\">Lire plus<\/a><\/p>\n","protected":false},"author":1,"featured_media":0,"parent":0,"menu_order":0,"comment_status":"closed","ping_status":"closed","template":"","meta":{"footnotes":""},"class_list":["post-598","page","type-page","status-publish"],"yoast_head":"<!-- This site is optimized with the Yoast SEO plugin v26.8 - https:\/\/yoast.com\/product\/yoast-seo-wordpress\/ -->\n<title>A Propos -<\/title>\n<meta name=\"robots\" content=\"noindex, nofollow\" \/>\n<meta property=\"og:locale\" content=\"fr_FR\" \/>\n<meta property=\"og:type\" content=\"article\" \/>\n<meta property=\"og:title\" content=\"A Propos -\" \/>\n<meta property=\"og:description\" content=\"Bienvenue sur notre site d\u00e9di\u00e9 \u00e0 la D\u00e9coration Maison, Travaux et Bricolage ! Je suis Julien, et ma passion r\u00e9side dans la cr\u00e9ation de contenus riches et vari\u00e9s. Notre plateforme aborde une pl\u00e9thore de sujets, allant de l&rsquo;actualit\u00e9 \u00e0 la culture, en passant par la technologie et le bien-\u00eatre. Mon objectif premier est de fournir ... Lire plus\" \/>\n<meta property=\"og:url\" content=\"https:\/\/www.habitat-design.net\/blog\/a-propos\/\" \/>\n<meta property=\"article:modified_time\" content=\"2024-05-14T11:21:30+00:00\" \/>\n<meta name=\"twitter:card\" content=\"summary_large_image\" \/>\n<meta name=\"twitter:label1\" content=\"Dur\u00e9e de lecture estim\u00e9e\" \/>\n\t<meta name=\"twitter:data1\" content=\"2 minutes\" \/>\n<script type=\"application\/ld+json\" class=\"yoast-schema-graph\">{\"@context\":\"https:\/\/schema.org\",\"@graph\":[{\"@type\":\"WebPage\",\"@id\":\"https:\/\/www.habitat-design.net\/blog\/a-propos\/\",\"url\":\"https:\/\/www.habitat-design.net\/blog\/a-propos\/\",\"name\":\"A Propos -\",\"isPartOf\":{\"@id\":\"https:\/\/www.habitat-design.net\/blog\/#website\"},\"datePublished\":\"2024-05-14T11:21:29+00:00\",\"dateModified\":\"2024-05-14T11:21:30+00:00\",\"breadcrumb\":{\"@id\":\"https:\/\/www.habitat-design.net\/blog\/a-propos\/#breadcrumb\"},\"inLanguage\":\"fr-FR\",\"potentialAction\":[{\"@type\":\"ReadAction\",\"target\":[\"https:\/\/www.habitat-design.net\/blog\/a-propos\/\"]}]},{\"@type\":\"BreadcrumbList\",\"@id\":\"https:\/\/www.habitat-design.net\/blog\/a-propos\/#breadcrumb\",\"itemListElement\":[{\"@type\":\"ListItem\",\"position\":1,\"name\":\"Accueil\",\"item\":\"https:\/\/www.habitat-design.net\/blog\/\"},{\"@type\":\"ListItem\",\"position\":2,\"name\":\"A Propos\"}]},{\"@type\":\"WebSite\",\"@id\":\"https:\/\/www.habitat-design.net\/blog\/#website\",\"url\":\"https:\/\/www.habitat-design.net\/blog\/\",\"name\":\"\",\"description\":\"\",\"potentialAction\":[{\"@type\":\"SearchAction\",\"target\":{\"@type\":\"EntryPoint\",\"urlTemplate\":\"https:\/\/www.habitat-design.net\/blog\/?s={search_term_string}\"},\"query-input\":{\"@type\":\"PropertyValueSpecification\",\"valueRequired\":true,\"valueName\":\"search_term_string\"}}],\"inLanguage\":\"fr-FR\"}]}<\/script>\n<!-- \/ Yoast SEO plugin. -->","yoast_head_json":{"title":"A Propos -","robots":{"index":"noindex","follow":"nofollow"},"og_locale":"fr_FR","og_type":"article","og_title":"A Propos -","og_description":"Bienvenue sur notre site d\u00e9di\u00e9 \u00e0 la D\u00e9coration Maison, Travaux et Bricolage ! Je suis Julien, et ma passion r\u00e9side dans la cr\u00e9ation de contenus riches et vari\u00e9s. Notre plateforme aborde une pl\u00e9thore de sujets, allant de l&rsquo;actualit\u00e9 \u00e0 la culture, en passant par la technologie et le bien-\u00eatre. Mon objectif premier est de fournir ... Lire plus","og_url":"https:\/\/www.habitat-design.net\/blog\/a-propos\/","article_modified_time":"2024-05-14T11:21:30+00:00","twitter_card":"summary_large_image","twitter_misc":{"Dur\u00e9e de lecture estim\u00e9e":"2 minutes"},"schema":{"@context":"https:\/\/schema.org","@graph":[{"@type":"WebPage","@id":"https:\/\/www.habitat-design.net\/blog\/a-propos\/","url":"https:\/\/www.habitat-design.net\/blog\/a-propos\/","name":"A Propos -","isPartOf":{"@id":"https:\/\/www.habitat-design.net\/blog\/#website"},"datePublished":"2024-05-14T11:21:29+00:00","dateModified":"2024-05-14T11:21:30+00:00","breadcrumb":{"@id":"https:\/\/www.habitat-design.net\/blog\/a-propos\/#breadcrumb"},"inLanguage":"fr-FR","potentialAction":[{"@type":"ReadAction","target":["https:\/\/www.habitat-design.net\/blog\/a-propos\/"]}]},{"@type":"BreadcrumbList","@id":"https:\/\/www.habitat-design.net\/blog\/a-propos\/#breadcrumb","itemListElement":[{"@type":"ListItem","position":1,"name":"Accueil","item":"https:\/\/www.habitat-design.net\/blog\/"},{"@type":"ListItem","position":2,"name":"A Propos"}]},{"@type":"WebSite","@id":"https:\/\/www.habitat-design.net\/blog\/#website","url":"https:\/\/www.habitat-design.net\/blog\/","name":"","description":"","potentialAction":[{"@type":"SearchAction","target":{"@type":"EntryPoint","urlTemplate":"https:\/\/www.habitat-design.net\/blog\/?s={search_term_string}"},"query-input":{"@type":"PropertyValueSpecification","valueRequired":true,"valueName":"search_term_string"}}],"inLanguage":"fr-FR"}]}},"_links":{"self":[{"href":"https:\/\/www.habitat-design.net\/blog\/wp-json\/wp\/v2\/pages\/598","targetHints":{"allow":["GET"]}}],"collection":[{"href":"https:\/\/www.habitat-design.net\/blog\/wp-json\/wp\/v2\/pages"}],"about":[{"href":"https:\/\/www.habitat-design.net\/blog\/wp-json\/wp\/v2\/types\/page"}],"author":[{"embeddable":true,"href":"https:\/\/www.habitat-design.net\/blog\/wp-json\/wp\/v2\/users\/1"}],"replies":[{"embeddable":true,"href":"https:\/\/www.habitat-design.net\/blog\/wp-json\/wp\/v2\/comments?post=598"}],"version-history":[{"count":1,"href":"https:\/\/www.habitat-design.net\/blog\/wp-json\/wp\/v2\/pages\/598\/revisions"}],"predecessor-version":[{"id":599,"href":"https:\/\/www.habitat-design.net\/blog\/wp-json\/wp\/v2\/pages\/598\/revisions\/599"}],"wp:attachment":[{"href":"https:\/\/www.habitat-design.net\/blog\/wp-json\/wp\/v2\/media?parent=598"}],"curies":[{"name":"wp","href":"https:\/\/api.w.org\/{rel}","templated":true}]}}