
{"id":596,"date":"2024-05-14T13:18:18","date_gmt":"2024-05-14T11:18:18","guid":{"rendered":"https:\/\/www.habitat-design.net\/blog\/?page_id=596"},"modified":"2024-09-26T10:29:51","modified_gmt":"2024-09-26T08:29:51","slug":"politique-de-confidentialite-2","status":"publish","type":"page","link":"https:\/\/www.habitat-design.net\/blog\/politique-de-confidentialite-2\/","title":{"rendered":"Politique de confidentialit\u00e9"},"content":{"rendered":"\n<p>Cette politique de confidentialit\u00e9 vise \u00e0 informer les utilisateurs du site <strong>habitat-design.net<\/strong>, d\u00e9tenu et g\u00e9r\u00e9 par <strong>EURL REBMANN<\/strong>, sur la mani\u00e8re dont leurs donn\u00e9es personnelles sont collect\u00e9es, utilis\u00e9es, partag\u00e9es et prot\u00e9g\u00e9es.<\/p>\n\n\n\n<h4 class=\"wp-block-heading\">I \/ Lois applicables<\/h4>\n\n\n\n<p>Cette politique respecte le R\u00e8glement G\u00e9n\u00e9ral sur la Protection des Donn\u00e9es (RGPD) et les lois en vigueur en mati\u00e8re de protection des donn\u00e9es personnelles.<\/p>\n\n\n\n<h4 class=\"wp-block-heading\">II \/ Donn\u00e9es personnelles collect\u00e9es<\/h4>\n\n\n\n<ul class=\"wp-block-list\">\n<li><strong>Donn\u00e9es collect\u00e9es automatiquement<\/strong> : Adresse IP, type de navigateur, pages visit\u00e9es, horaires d&rsquo;acc\u00e8s, \u00e0 des fins d\u2019analyse du trafic et d\u2019am\u00e9lioration de l\u2019exp\u00e9rience utilisateur.<\/li>\n\n\n\n<li><strong>Donn\u00e9es collect\u00e9es de mani\u00e8re non automatique<\/strong> : Nom, adresse e-mail, adresse postale, num\u00e9ro de t\u00e9l\u00e9phone lors de la cr\u00e9ation d\u2019un compte ou d\u2019un achat.<\/li>\n<\/ul>\n\n\n\n<h4 class=\"wp-block-heading\">III \/ Utilisation des donn\u00e9es personnelles<\/h4>\n\n\n\n<p>Les donn\u00e9es sont utilis\u00e9es pour :<\/p>\n\n\n\n<ul class=\"wp-block-list\">\n<li>G\u00e9rer les commandes et le service client<\/li>\n\n\n\n<li>Am\u00e9liorer nos produits et services<\/li>\n\n\n\n<li>Analyser les statistiques du site.<\/li>\n<\/ul>\n\n\n\n<h4 class=\"wp-block-heading\">IV \/ Partage des donn\u00e9es personnelles<\/h4>\n\n\n\n<p>Vos donn\u00e9es peuvent \u00eatre partag\u00e9es avec des tiers comme nos prestataires de paiement et de livraison pour traiter vos commandes. Nous ne partagerons vos donn\u00e9es avec d&rsquo;autres tiers que si la loi l&rsquo;exige ou l&rsquo;autorise.<\/p>\n\n\n\n<h4 class=\"wp-block-heading\">V \/ Stockage et protection des donn\u00e9es personnelles<\/h4>\n\n\n\n<p>Vos donn\u00e9es sont conserv\u00e9es le temps n\u00e9cessaire pour atteindre les finalit\u00e9s de leur collecte. Nous mettons en place des mesures de s\u00e9curit\u00e9 appropri\u00e9es pour pr\u00e9venir tout acc\u00e8s non autoris\u00e9.<\/p>\n\n\n\n<h4 class=\"wp-block-heading\">VI \/ Cookies<\/h4>\n\n\n\n<p>Nous utilisons des cookies pour am\u00e9liorer l\u2019exp\u00e9rience utilisateur. Vous pouvez d\u00e9sactiver les cookies dans les param\u00e8tres de votre navigateur, mais cela peut limiter certaines fonctionnalit\u00e9s du site.<\/p>\n\n\n\n<h4 class=\"wp-block-heading\">VII \/ Droits des utilisateurs<\/h4>\n\n\n\n<p>Conform\u00e9ment au RGPD, vous avez le droit d\u2019acc\u00e9der \u00e0 vos donn\u00e9es, de les rectifier, de les supprimer ou de limiter leur traitement. Pour toute demande, contactez-nous \u00e0 <strong><a>publication@linknova.fr<\/a><\/strong>.<\/p>\n\n\n\n<h4 class=\"wp-block-heading\">VIII \/ Modifications<\/h4>\n\n\n\n<p>Nous nous r\u00e9servons le droit de modifier cette politique pour refl\u00e9ter tout changement dans nos pratiques de gestion des donn\u00e9es. Consultez cette page r\u00e9guli\u00e8rement pour rester inform\u00e9 des mises \u00e0 jour.<\/p>\n","protected":false},"excerpt":{"rendered":"<p>Cette politique de confidentialit\u00e9 vise \u00e0 informer les utilisateurs du site habitat-design.net, d\u00e9tenu et g\u00e9r\u00e9 par EURL REBMANN, sur la mani\u00e8re dont leurs donn\u00e9es personnelles sont collect\u00e9es, utilis\u00e9es, partag\u00e9es et prot\u00e9g\u00e9es. I \/ Lois applicables Cette politique respecte le R\u00e8glement G\u00e9n\u00e9ral sur la Protection des Donn\u00e9es (RGPD) et les lois en vigueur en mati\u00e8re de &#8230; <a title=\"Politique de confidentialit\u00e9\" class=\"read-more\" href=\"https:\/\/www.habitat-design.net\/blog\/politique-de-confidentialite-2\/\" aria-label=\"En savoir plus sur Politique de confidentialit\u00e9\">Lire plus<\/a><\/p>\n","protected":false},"author":1,"featured_media":0,"parent":0,"menu_order":0,"comment_status":"closed","ping_status":"closed","template":"","meta":{"footnotes":""},"class_list":["post-596","page","type-page","status-publish"],"yoast_head":"<!-- This site is optimized with the Yoast SEO plugin v26.8 - https:\/\/yoast.com\/product\/yoast-seo-wordpress\/ -->\n<title>Politique de confidentialit\u00e9 -<\/title>\n<meta name=\"robots\" content=\"noindex, nofollow\" \/>\n<meta property=\"og:locale\" content=\"fr_FR\" \/>\n<meta property=\"og:type\" content=\"article\" \/>\n<meta property=\"og:title\" content=\"Politique de confidentialit\u00e9 -\" \/>\n<meta property=\"og:description\" content=\"Cette politique de confidentialit\u00e9 vise \u00e0 informer les utilisateurs du site habitat-design.net, d\u00e9tenu et g\u00e9r\u00e9 par EURL REBMANN, sur la mani\u00e8re dont leurs donn\u00e9es personnelles sont collect\u00e9es, utilis\u00e9es, partag\u00e9es et prot\u00e9g\u00e9es. I \/ Lois applicables Cette politique respecte le R\u00e8glement G\u00e9n\u00e9ral sur la Protection des Donn\u00e9es (RGPD) et les lois en vigueur en mati\u00e8re de ... Lire plus\" \/>\n<meta property=\"og:url\" content=\"https:\/\/www.habitat-design.net\/blog\/politique-de-confidentialite-2\/\" \/>\n<meta property=\"article:modified_time\" content=\"2024-09-26T08:29:51+00:00\" \/>\n<meta name=\"twitter:card\" content=\"summary_large_image\" \/>\n<meta name=\"twitter:label1\" content=\"Dur\u00e9e de lecture estim\u00e9e\" \/>\n\t<meta name=\"twitter:data1\" content=\"2 minutes\" \/>\n<script type=\"application\/ld+json\" class=\"yoast-schema-graph\">{\"@context\":\"https:\/\/schema.org\",\"@graph\":[{\"@type\":\"WebPage\",\"@id\":\"https:\/\/www.habitat-design.net\/blog\/politique-de-confidentialite-2\/\",\"url\":\"https:\/\/www.habitat-design.net\/blog\/politique-de-confidentialite-2\/\",\"name\":\"Politique de confidentialit\u00e9 -\",\"isPartOf\":{\"@id\":\"https:\/\/www.habitat-design.net\/blog\/#website\"},\"datePublished\":\"2024-05-14T11:18:18+00:00\",\"dateModified\":\"2024-09-26T08:29:51+00:00\",\"breadcrumb\":{\"@id\":\"https:\/\/www.habitat-design.net\/blog\/politique-de-confidentialite-2\/#breadcrumb\"},\"inLanguage\":\"fr-FR\",\"potentialAction\":[{\"@type\":\"ReadAction\",\"target\":[\"https:\/\/www.habitat-design.net\/blog\/politique-de-confidentialite-2\/\"]}]},{\"@type\":\"BreadcrumbList\",\"@id\":\"https:\/\/www.habitat-design.net\/blog\/politique-de-confidentialite-2\/#breadcrumb\",\"itemListElement\":[{\"@type\":\"ListItem\",\"position\":1,\"name\":\"Accueil\",\"item\":\"https:\/\/www.habitat-design.net\/blog\/\"},{\"@type\":\"ListItem\",\"position\":2,\"name\":\"Politique de confidentialit\u00e9\"}]},{\"@type\":\"WebSite\",\"@id\":\"https:\/\/www.habitat-design.net\/blog\/#website\",\"url\":\"https:\/\/www.habitat-design.net\/blog\/\",\"name\":\"\",\"description\":\"\",\"potentialAction\":[{\"@type\":\"SearchAction\",\"target\":{\"@type\":\"EntryPoint\",\"urlTemplate\":\"https:\/\/www.habitat-design.net\/blog\/?s={search_term_string}\"},\"query-input\":{\"@type\":\"PropertyValueSpecification\",\"valueRequired\":true,\"valueName\":\"search_term_string\"}}],\"inLanguage\":\"fr-FR\"}]}<\/script>\n<!-- \/ Yoast SEO plugin. -->","yoast_head_json":{"title":"Politique de confidentialit\u00e9 -","robots":{"index":"noindex","follow":"nofollow"},"og_locale":"fr_FR","og_type":"article","og_title":"Politique de confidentialit\u00e9 -","og_description":"Cette politique de confidentialit\u00e9 vise \u00e0 informer les utilisateurs du site habitat-design.net, d\u00e9tenu et g\u00e9r\u00e9 par EURL REBMANN, sur la mani\u00e8re dont leurs donn\u00e9es personnelles sont collect\u00e9es, utilis\u00e9es, partag\u00e9es et prot\u00e9g\u00e9es. I \/ Lois applicables Cette politique respecte le R\u00e8glement G\u00e9n\u00e9ral sur la Protection des Donn\u00e9es (RGPD) et les lois en vigueur en mati\u00e8re de ... Lire plus","og_url":"https:\/\/www.habitat-design.net\/blog\/politique-de-confidentialite-2\/","article_modified_time":"2024-09-26T08:29:51+00:00","twitter_card":"summary_large_image","twitter_misc":{"Dur\u00e9e de lecture estim\u00e9e":"2 minutes"},"schema":{"@context":"https:\/\/schema.org","@graph":[{"@type":"WebPage","@id":"https:\/\/www.habitat-design.net\/blog\/politique-de-confidentialite-2\/","url":"https:\/\/www.habitat-design.net\/blog\/politique-de-confidentialite-2\/","name":"Politique de confidentialit\u00e9 -","isPartOf":{"@id":"https:\/\/www.habitat-design.net\/blog\/#website"},"datePublished":"2024-05-14T11:18:18+00:00","dateModified":"2024-09-26T08:29:51+00:00","breadcrumb":{"@id":"https:\/\/www.habitat-design.net\/blog\/politique-de-confidentialite-2\/#breadcrumb"},"inLanguage":"fr-FR","potentialAction":[{"@type":"ReadAction","target":["https:\/\/www.habitat-design.net\/blog\/politique-de-confidentialite-2\/"]}]},{"@type":"BreadcrumbList","@id":"https:\/\/www.habitat-design.net\/blog\/politique-de-confidentialite-2\/#breadcrumb","itemListElement":[{"@type":"ListItem","position":1,"name":"Accueil","item":"https:\/\/www.habitat-design.net\/blog\/"},{"@type":"ListItem","position":2,"name":"Politique de confidentialit\u00e9"}]},{"@type":"WebSite","@id":"https:\/\/www.habitat-design.net\/blog\/#website","url":"https:\/\/www.habitat-design.net\/blog\/","name":"","description":"","potentialAction":[{"@type":"SearchAction","target":{"@type":"EntryPoint","urlTemplate":"https:\/\/www.habitat-design.net\/blog\/?s={search_term_string}"},"query-input":{"@type":"PropertyValueSpecification","valueRequired":true,"valueName":"search_term_string"}}],"inLanguage":"fr-FR"}]}},"_links":{"self":[{"href":"https:\/\/www.habitat-design.net\/blog\/wp-json\/wp\/v2\/pages\/596","targetHints":{"allow":["GET"]}}],"collection":[{"href":"https:\/\/www.habitat-design.net\/blog\/wp-json\/wp\/v2\/pages"}],"about":[{"href":"https:\/\/www.habitat-design.net\/blog\/wp-json\/wp\/v2\/types\/page"}],"author":[{"embeddable":true,"href":"https:\/\/www.habitat-design.net\/blog\/wp-json\/wp\/v2\/users\/1"}],"replies":[{"embeddable":true,"href":"https:\/\/www.habitat-design.net\/blog\/wp-json\/wp\/v2\/comments?post=596"}],"version-history":[{"count":2,"href":"https:\/\/www.habitat-design.net\/blog\/wp-json\/wp\/v2\/pages\/596\/revisions"}],"predecessor-version":[{"id":837,"href":"https:\/\/www.habitat-design.net\/blog\/wp-json\/wp\/v2\/pages\/596\/revisions\/837"}],"wp:attachment":[{"href":"https:\/\/www.habitat-design.net\/blog\/wp-json\/wp\/v2\/media?parent=596"}],"curies":[{"name":"wp","href":"https:\/\/api.w.org\/{rel}","templated":true}]}}

Politique de confidentialité

<p>Cette politique de confidentialité vise à informer les utilisateurs du site <strong>habitat-design.net</strong>, détenu et géré par <strong>EURL REBMANN</strong>, sur la manière dont leurs données personnelles sont collectées, utilisées, partagées et protégées.</p>



<h4 class="wp-block-heading">I / Lois applicables</h4>



<p>Cette politique respecte le Règlement Général sur la Protection des Données (RGPD) et les lois en vigueur en matière de protection des données personnelles.</p>



<h4 class="wp-block-heading">II / Données personnelles collectées</h4>



<ul class="wp-block-list">
<li><strong>Données collectées automatiquement</strong> : Adresse IP, type de navigateur, pages visitées, horaires d&rsquo;accès, à des fins d’analyse du trafic et d’amélioration de l’expérience utilisateur.</li>



<li><strong>Données collectées de manière non automatique</strong> : Nom, adresse e-mail, adresse postale, numéro de téléphone lors de la création d’un compte ou d’un achat.</li>
</ul>



<h4 class="wp-block-heading">III / Utilisation des données personnelles</h4>



<p>Les données sont utilisées pour :</p>



<ul class="wp-block-list">
<li>Gérer les commandes et le service client</li>



<li>Améliorer nos produits et services</li>



<li>Analyser les statistiques du site.</li>
</ul>



<h4 class="wp-block-heading">IV / Partage des données personnelles</h4>



<p>Vos données peuvent être partagées avec des tiers comme nos prestataires de paiement et de livraison pour traiter vos commandes. Nous ne partagerons vos données avec d&rsquo;autres tiers que si la loi l&rsquo;exige ou l&rsquo;autorise.</p>



<h4 class="wp-block-heading">V / Stockage et protection des données personnelles</h4>



<p>Vos données sont conservées le temps nécessaire pour atteindre les finalités de leur collecte. Nous mettons en place des mesures de sécurité appropriées pour prévenir tout accès non autorisé.</p>



<h4 class="wp-block-heading">VI / Cookies</h4>



<p>Nous utilisons des cookies pour améliorer l’expérience utilisateur. Vous pouvez désactiver les cookies dans les paramètres de votre navigateur, mais cela peut limiter certaines fonctionnalités du site.</p>



<h4 class="wp-block-heading">VII / Droits des utilisateurs</h4>



<p>Conformément au RGPD, vous avez le droit d’accéder à vos données, de les rectifier, de les supprimer ou de limiter leur traitement. Pour toute demande, contactez-nous à <strong><a>publication@linknova.fr</a></strong>.</p>



<h4 class="wp-block-heading">VIII / Modifications</h4>



<p>Nous nous réservons le droit de modifier cette politique pour refléter tout changement dans nos pratiques de gestion des données. Consultez cette page régulièrement pour rester informé des mises à jour.</p>

<p>Cette politique de confidentialité vise à informer les utilisateurs du site habitat-design.net, détenu et géré par EURL REBMANN, sur la manière dont leurs données personnelles sont collectées, utilisées, partagées et protégées. I / Lois applicables Cette politique respecte le Règlement Général sur la Protection des Données (RGPD) et les lois en vigueur en matière de &#8230; <a title="Politique de confidentialité" class="read-more" href="https://www.habitat-design.net/blog/politique-de-confidentialite-2/" aria-label="En savoir plus sur Politique de confidentialité">Lire plus</a></p>

<!-- This site is optimized with the Yoast SEO plugin v26.8 - https://yoast.com/product/yoast-seo-wordpress/ -->
<title>Politique de confidentialité -</title>
<meta name="robots" content="noindex, nofollow" />
<meta property="og:locale" content="fr_FR" />
<meta property="og:type" content="article" />
<meta property="og:title" content="Politique de confidentialité -" />
<meta property="og:description" content="Cette politique de confidentialité vise à informer les utilisateurs du site habitat-design.net, détenu et géré par EURL REBMANN, sur la manière dont leurs données personnelles sont collectées, utilisées, partagées et protégées. I / Lois applicables Cette politique respecte le Règlement Général sur la Protection des Données (RGPD) et les lois en vigueur en matière de ... Lire plus" />
<meta property="og:url" content="https://www.habitat-design.net/blog/politique-de-confidentialite-2/" />
<meta property="article:modified_time" content="2024-09-26T08:29:51+00:00" />
<meta name="twitter:card" content="summary_large_image" />
<meta name="twitter:label1" content="Durée de lecture estimée" />
	<meta name="twitter:data1" content="2 minutes" />
<script type="application/ld+json" class="yoast-schema-graph">{"@context":"https://schema.org","@graph":[{"@type":"WebPage","@id":"https://www.habitat-design.net/blog/politique-de-confidentialite-2/","url":"https://www.habitat-design.net/blog/politique-de-confidentialite-2/","name":"Politique de confidentialité -","isPartOf":{"@id":"https://www.habitat-design.net/blog/#website"},"datePublished":"2024-05-14T11:18:18+00:00","dateModified":"2024-09-26T08:29:51+00:00","breadcrumb":{"@id":"https://www.habitat-design.net/blog/politique-de-confidentialite-2/#breadcrumb"},"inLanguage":"fr-FR","potentialAction":[{"@type":"ReadAction","target":["https://www.habitat-design.net/blog/politique-de-confidentialite-2/"]}]},{"@type":"BreadcrumbList","@id":"https://www.habitat-design.net/blog/politique-de-confidentialite-2/#breadcrumb","itemListElement":[{"@type":"ListItem","position":1,"name":"Accueil","item":"https://www.habitat-design.net/blog/"},{"@type":"ListItem","position":2,"name":"Politique de confidentialité"}]},{"@type":"WebSite","@id":"https://www.habitat-design.net/blog/#website","url":"https://www.habitat-design.net/blog/","name":"","description":"","potentialAction":[{"@type":"SearchAction","target":{"@type":"EntryPoint","urlTemplate":"https://www.habitat-design.net/blog/?s={search_term_string}"},"query-input":{"@type":"PropertyValueSpecification","valueRequired":true,"valueName":"search_term_string"}}],"inLanguage":"fr-FR"}]}</script>
<!-- / Yoast SEO plugin. -->

Politique de confidentialité -

Cette politique de confidentialité vise à informer les utilisateurs du site habitat-design.net, détenu et géré par EURL REBMANN, sur la manière dont leurs données personnelles sont collectées, utilisées, partagées et protégées. I / Lois applicables Cette politique respecte le Règlement Général sur la Protection des Données (RGPD) et les lois en vigueur en matière de ... Lire plus
